{"id":85,"date":"2021-02-21T08:11:05","date_gmt":"2021-02-21T08:11:05","guid":{"rendered":"https:\/\/wixli.net\/?page_id=85"},"modified":"2021-02-21T13:09:38","modified_gmt":"2021-02-21T13:09:38","slug":"vapaa-aika","status":"publish","type":"page","link":"https:\/\/wixli.net\/?page_id=85","title":{"rendered":"Vapaa-aika"},"content":{"rendered":"\n<p>M\u00f6kkeily\u00e4 omassa kes\u00e4paikassa Merikarvialla<\/p>\n\n\n\n<div class=\"wp-block-columns is-layout-flex wp-container-core-columns-is-layout-9d6595d7 wp-block-columns-is-layout-flex\">\n<div class=\"wp-block-column is-layout-flow wp-block-column-is-layout-flow\">\n<div class=\"wp-block-columns is-layout-flex wp-container-core-columns-is-layout-9d6595d7 wp-block-columns-is-layout-flex\">\n<div class=\"wp-block-column is-layout-flow wp-block-column-is-layout-flow\">\n<figure class=\"wp-block-image size-large\"><img loading=\"lazy\" decoding=\"async\" width=\"646\" height=\"740\" src=\"https:\/\/wixli.net\/wp-content\/uploads\/2021\/02\/mokilla.jpg\" alt=\"\" class=\"wp-image-97\" srcset=\"https:\/\/wixli.net\/wp-content\/uploads\/2021\/02\/mokilla.jpg 646w, https:\/\/wixli.net\/wp-content\/uploads\/2021\/02\/mokilla-262x300.jpg 262w, https:\/\/wixli.net\/wp-content\/uploads\/2021\/02\/mokilla-541x620.jpg 541w\" sizes=\"auto, (max-width: 646px) 100vw, 646px\" \/><\/figure>\n<\/div>\n<\/div>\n<\/div>\n\n\n\n<div class=\"wp-block-column is-layout-flow wp-block-column-is-layout-flow\">\n<p>Rentouttavaa kes\u00e4isin l\u00e4hte\u00e4 oman saaren rauhaan saunomaan, kalastamaan ja grillaamaan.<br>Saari on Merikarviajoen suistossa ihanalla paikalla. <\/p>\n<\/div>\n<\/div>\n\n\n\n<p>Matkustelua ja uusiin kulttuureihin tutustumista<\/p>\n\n\n\n<div class=\"wp-block-columns is-layout-flex wp-container-core-columns-is-layout-9d6595d7 wp-block-columns-is-layout-flex\">\n<div class=\"wp-block-column is-layout-flow wp-block-column-is-layout-flow\">\n<figure class=\"wp-block-image size-large\"><img loading=\"lazy\" decoding=\"async\" width=\"719\" height=\"630\" src=\"https:\/\/wixli.net\/wp-content\/uploads\/2021\/02\/Matkakuva.jpg\" alt=\"\" class=\"wp-image-99\" srcset=\"https:\/\/wixli.net\/wp-content\/uploads\/2021\/02\/Matkakuva.jpg 719w, https:\/\/wixli.net\/wp-content\/uploads\/2021\/02\/Matkakuva-300x263.jpg 300w, https:\/\/wixli.net\/wp-content\/uploads\/2021\/02\/Matkakuva-708x620.jpg 708w\" sizes=\"auto, (max-width: 719px) 100vw, 719px\" \/><\/figure>\n<\/div>\n\n\n\n<div class=\"wp-block-column is-layout-flow wp-block-column-is-layout-flow\">\n<p>Matkustaminen Euroopassa ja kaukoid\u00e4ss\u00e4 on tapa p\u00e4\u00e4st\u00e4 normaaleista rutiineista  eroon. perinteisesti kev\u00e4isin k\u00e4yd\u00e4\u00e4n kaupunkilomalla etel\u00e4isess\u00e4 Euroopassa ja talvisin it\u00e4maissa<\/p>\n<\/div>\n<\/div>\n\n\n\n<p>Liikuntaa mets\u00e4ss\u00e4<\/p>\n\n\n\n<div class=\"wp-block-columns is-layout-flex wp-container-core-columns-is-layout-9d6595d7 wp-block-columns-is-layout-flex\">\n<div class=\"wp-block-column is-layout-flow wp-block-column-is-layout-flow\">\n<div class=\"wp-block-columns is-layout-flex wp-container-core-columns-is-layout-9d6595d7 wp-block-columns-is-layout-flex\">\n<div class=\"wp-block-column is-layout-flow wp-block-column-is-layout-flow\"><\/div>\n\n\n\n<div class=\"wp-block-column is-layout-flow wp-block-column-is-layout-flow\"><\/div>\n<\/div>\n<\/div>\n\n\n\n<div class=\"wp-block-column is-layout-flow wp-block-column-is-layout-flow\">\n<p>Suunnistus kes\u00e4isin ja talvella hiihto ovat keinoja rentoutua ja olla omien ajatusten parissa.<\/p>\n<\/div>\n<\/div>\n","protected":false},"excerpt":{"rendered":"<p>M\u00f6kkeily\u00e4 omassa kes\u00e4paikassa Merikarvialla Rentouttavaa kes\u00e4isin l\u00e4hte\u00e4 oman saaren rauhaan saunomaan, kalastamaan ja grillaamaan.Saari on Merikarviajoen suistossa ihanalla paikalla. Matkustelua ja uusiin kulttuureihin tutustumista Matkustaminen Euroopassa ja kaukoid\u00e4ss\u00e4 on tapa p\u00e4\u00e4st\u00e4 normaaleista rutiineista eroon. perinteisesti kev\u00e4isin k\u00e4yd\u00e4\u00e4n kaupunkilomalla etel\u00e4isess\u00e4 Euroopassa ja talvisin it\u00e4maissa Liikuntaa mets\u00e4ss\u00e4 Suunnistus kes\u00e4isin ja talvella hiihto [&hellip;]<\/p>\n","protected":false},"author":1,"featured_media":0,"parent":0,"menu_order":0,"comment_status":"closed","ping_status":"closed","template":"","meta":{"footnotes":""},"class_list":["post-85","page","type-page","status-publish","hentry"],"_links":{"self":[{"href":"https:\/\/wixli.net\/index.php?rest_route=\/wp\/v2\/pages\/85","targetHints":{"allow":["GET"]}}],"collection":[{"href":"https:\/\/wixli.net\/index.php?rest_route=\/wp\/v2\/pages"}],"about":[{"href":"https:\/\/wixli.net\/index.php?rest_route=\/wp\/v2\/types\/page"}],"author":[{"embeddable":true,"href":"https:\/\/wixli.net\/index.php?rest_route=\/wp\/v2\/users\/1"}],"replies":[{"embeddable":true,"href":"https:\/\/wixli.net\/index.php?rest_route=%2Fwp%2Fv2%2Fcomments&post=85"}],"version-history":[{"count":3,"href":"https:\/\/wixli.net\/index.php?rest_route=\/wp\/v2\/pages\/85\/revisions"}],"predecessor-version":[{"id":100,"href":"https:\/\/wixli.net\/index.php?rest_route=\/wp\/v2\/pages\/85\/revisions\/100"}],"wp:attachment":[{"href":"https:\/\/wixli.net\/index.php?rest_route=%2Fwp%2Fv2%2Fmedia&parent=85"}],"curies":[{"name":"wp","href":"https:\/\/api.w.org\/{rel}","templated":true}]}}

<p>Mökkeilyä omassa kesäpaikassa Merikarvialla</p>



<div class="wp-block-columns is-layout-flex wp-container-core-columns-is-layout-9d6595d7 wp-block-columns-is-layout-flex">
<div class="wp-block-column is-layout-flow wp-block-column-is-layout-flow">
<div class="wp-block-columns is-layout-flex wp-container-core-columns-is-layout-9d6595d7 wp-block-columns-is-layout-flex">
<div class="wp-block-column is-layout-flow wp-block-column-is-layout-flow">
<figure class="wp-block-image size-large"><img loading="lazy" decoding="async" width="646" height="740" src="https://wixli.net/wp-content/uploads/2021/02/mokilla.jpg" alt="" class="wp-image-97" srcset="https://wixli.net/wp-content/uploads/2021/02/mokilla.jpg 646w, https://wixli.net/wp-content/uploads/2021/02/mokilla-262x300.jpg 262w, https://wixli.net/wp-content/uploads/2021/02/mokilla-541x620.jpg 541w" sizes="auto, (max-width: 646px) 100vw, 646px" /></figure>
</div>
</div>
</div>



<div class="wp-block-column is-layout-flow wp-block-column-is-layout-flow">
<p>Rentouttavaa kesäisin lähteä oman saaren rauhaan saunomaan, kalastamaan ja grillaamaan.<br>Saari on Merikarviajoen suistossa ihanalla paikalla. </p>
</div>
</div>



<p>Matkustelua ja uusiin kulttuureihin tutustumista</p>



<div class="wp-block-columns is-layout-flex wp-container-core-columns-is-layout-9d6595d7 wp-block-columns-is-layout-flex">
<div class="wp-block-column is-layout-flow wp-block-column-is-layout-flow">
<figure class="wp-block-image size-large"><img loading="lazy" decoding="async" width="719" height="630" src="https://wixli.net/wp-content/uploads/2021/02/Matkakuva.jpg" alt="" class="wp-image-99" srcset="https://wixli.net/wp-content/uploads/2021/02/Matkakuva.jpg 719w, https://wixli.net/wp-content/uploads/2021/02/Matkakuva-300x263.jpg 300w, https://wixli.net/wp-content/uploads/2021/02/Matkakuva-708x620.jpg 708w" sizes="auto, (max-width: 719px) 100vw, 719px" /></figure>
</div>



<div class="wp-block-column is-layout-flow wp-block-column-is-layout-flow">
<p>Matkustaminen Euroopassa ja kaukoidässä on tapa päästä normaaleista rutiineista  eroon. perinteisesti keväisin käydään kaupunkilomalla eteläisessä Euroopassa ja talvisin itämaissa</p>
</div>
</div>



<p>Liikuntaa metsässä</p>



<div class="wp-block-columns is-layout-flex wp-container-core-columns-is-layout-9d6595d7 wp-block-columns-is-layout-flex">
<div class="wp-block-column is-layout-flow wp-block-column-is-layout-flow">
<div class="wp-block-columns is-layout-flex wp-container-core-columns-is-layout-9d6595d7 wp-block-columns-is-layout-flex">
<div class="wp-block-column is-layout-flow wp-block-column-is-layout-flow"></div>



<div class="wp-block-column is-layout-flow wp-block-column-is-layout-flow"></div>
</div>
</div>



<div class="wp-block-column is-layout-flow wp-block-column-is-layout-flow">
<p>Suunnistus kesäisin ja talvella hiihto ovat keinoja rentoutua ja olla omien ajatusten parissa.</p>
</div>
</div>

<p>Mökkeilyä omassa kesäpaikassa Merikarvialla Rentouttavaa kesäisin lähteä oman saaren rauhaan saunomaan, kalastamaan ja grillaamaan.Saari on Merikarviajoen suistossa ihanalla paikalla. Matkustelua ja uusiin kulttuureihin tutustumista Matkustaminen Euroopassa ja kaukoidässä on tapa päästä normaaleista rutiineista eroon. perinteisesti keväisin käydään kaupunkilomalla eteläisessä Euroopassa ja talvisin itämaissa Liikuntaa metsässä Suunnistus kesäisin ja talvella hiihto [&hellip;]</p>
